 + 688 = 3*b - 3*s, -3*s = 4*b - 644. Calculate the remainder when b is divided by 38.
12
Let f = 12 + -9. Let n(p) = -p**2 + 3*p. Let j be n(f). Suppose 5*h - 60 = -4*z - z, j = -h + 3*z + 28. Calculate the remainder when 62 is divided by h.
14
Suppose 59 = 4*x + 175. Let l = x + 49. Calculate the remainder when l is divided by 11.
9
Let y = -12 - -21. Suppose -657*m + 673*m - 96 = 0. Calculate the remainder when y is divided by m.
3
Let a = 805 + -794. What is the remainder when 57 is divided by a?
2
What is the remainder when 966/9 - 144/(-54) is divided by 21?
5
Let w be (2*5)/((-16)/184). Suppose 3*m - 4*h - 300 + 17 = 0, 2*m + 4*h - 162 = 0. Calculate the remainder when m is divided by w/10*(-1 - 1).
20
Let w(s) = s**3 + 2*s - 1. Let b be w(1). Suppose -b*v = 38 + 20. Let f = -12 - v. What is the remainder when f is divided by 11?
6
Let a(i) = -3*i**3 - 3*i**2 + 8*i + 25. Calculate the remainder when a(-4) is divided by 32.
9
Suppose -15*y - 510 = -17*y. Calculate the remainder when y is divided by 64.
63
Suppose 26*t - 484 = 15*t. What is the remainder when 1231 is divided by t?
43
Suppose -5 - 4 = 3*r + 3*z, -2*r = -z + 3. What is the remainder when r/1 - (-70 - 1 - -3) is divided by (0 - 0)/(-3) + 23?
20
Suppose 35*o = 3*o + 576. Calculate the remainder when 359 is divided by o.
17
Suppose 28*o - 330 = 18*o. Calculate the remainder when 97 is divided by o.
31
Suppose -83 = 2*l - 257. Suppose j + 14 = -3*u + l, 0 = -5*u - 25. What is the remainder when j is divided by 30?
28
Let x(s) be the third derivative of s**6/120 + s**5/10 - s**4/12 - 2*s**3/3 - 4*s**2. What is the remainder when x(-6) is divided by 3?
2
Suppose -q = -o + 3*q - 30, -135 = 3*o + 3*q. Let h = o + 65. Suppose -5*b - 4 = 3*x - 2*x, -2*b = 4. Calculate the remainder when h is divided by x.
5
Calculate the remainder when (17 - 3)/((-21)/(-189)) is divided by 2.
0
Let b(i) be the second derivative of i**3/2 - 39*i**2/2 + 48*i. What is the remainder when 214/10 + (-4)/10 is divided by b(17)?
9
Suppose 0*q = -2*q. Suppose x + 0*x - 56 = q. What is the remainder when x is divided by 12?
8
Let j(h) = 2*h**2 - 2*h + 3. Let l be j(2). Let m = 4 - l. Calculate the remainder when (-69)/m + (1 - 3) is divided by 6.
3
Let l(r) = 11*r + 5. Let s(q) = 21*q + 11. Let w(k) = 13*l(k) - 6*s(k). Suppose 3*b = -b + 56. Calculate the remainder when w(4) is divided by b.
11
Suppose 2293 = 21*s - 584. What is the remainder when s is divided by 35?
32
Suppose -40*h = -57*h + 3570. What is the remainder when h is divided by 43?
38
Let m(r) be the third derivative of 5*r**4/12 - 5*r**3/2 - 5*r**2. What is the remainder when 72 is divided by m(4)?
22
Suppose -5*i + i = -28. Let c(u) = -2 + 3 + 4*u - 8*u + 8*u**2 - u**3. Calculate the remainder when 42 is divided by c(i).
20
Suppose 0 = -4*s + 8, 0 = 4*d - 7*d - s + 32. Let v = 2 - -1. Suppose 0 = -v*j + 5*j + 3*m - 44, m = 2*j - 36. What is the remainder when j is divided by d?
9
Let v(c) be the second derivative of c + 0 + 1/12*c**4 - 1/2*c**2 + 5/6*c**3. Calculate the remainder when v(-7) is divided by 8.
5
Let r(a) = -a + 10. Suppose -5*i - 15 = -5*h, -12 = -4*h + 2*i - 0. Suppose -3*d = t, t = -h*d + 5*d. Calculate the remainder when r(t) is divided by 4.
2
Suppose 0 = -2*j + 561 + 157. Calculate the remainder when j is divided by 61.
54
What is the remainder when 43 is divided by (8/(-10))/(9/(-45))?
3
Suppose -4*m + 95 = -249. What is the remainder when 169 is divided by m?
83
Suppose 1179 = 9*h + 810. What is the remainder when 105 is divided by h?
23
Let u = -1915 + 2000. What is the remainder when u is divided by 22?
19
Let w(j) be the third derivative of 7*j**4/12 - j**3/3 + j**2. Let h be w(2). Let o = h + -14. Calculate the remainder when 22 is divided by o.
10
Let q(z) = -2*z**3 - 35*z**2 + 10*z + 43. Suppose 2*c - 122 = -3*b, 7*b - 198 = 2*b - 2*c. Calculate the remainder when q(-18) is divided by b.
35
Let g(m) = -35*m - 34. What is the remainder when 135 is divided by g(-3)?
64
Suppose 3*p = 3*v - v + 37, 0 = -5*p + 4*v + 63. What is the remainder when 2*14 - (-8 + 5) is divided by p?
9
Suppose -2*h - 53 + 402 = f, -h = -f - 173. What is the remainder when h is divided by 30?
24
Let m = 14 - -12. Suppose 4*i - 42 = m. What is the remainder when 32 is divided by i?
15
Suppose -382 = -5*i - 17. Calculate the remainder when 217 is divided by i.
71
Suppose -5*p = -86 - 39. Calculate the remainder when 147 is divided by p.
22
Suppose 2*y = -z + 7, -3*y + z + z + 14 = 0. Suppose -y*s + 3*s = -13. Let a(f) = f**3 - 3*f**2 - 7*f - 7. What is the remainder when s is divided by a(5)?
5
Let c(u) = -u + 6. Let x be c(4). Let a be x/(-9) + 74/9. Suppose 42 = 2*j + a. What is the remainder when 67 is divided by j?
16
Calculate the remainder when (6 + 66/(-14))*119 is divided by 10.
3
Suppose -5*n - 14 + 34 = 0. Suppose v + 19 = 4*z, -n*z + 3*v = -9*z + 11. What is the remainder when 7 is divided by z?
3
Suppose 3 = -3*a + 9. Suppose a*j = -2*j + 4. What is the remainder when 57 is divided by (6 - j)*(15 - 11)?
17
Suppose 17*f - 40 = 13*f. Suppose 3*n = 4 - 10. Let s(b) = -18*b + 2. What is the remainder when s(n) is divided by f?
8
Let k(x) = -x**2 - x + 1. Let r(w) = 5*w**2 + 8*w - 22. Let b = -12 + 6. Let f(u) = b*k(u) - r(u). What is the remainder when f(8) is divided by 33?
31
Suppose 5*j - 5*l - 35 = 0, -14*l + 15*l - 17 = -j. Let c(x) = -3*x**3 - 3*x**2 + 4. Calculate the remainder when c(-3) is divided by j.
10
Suppose 0 = -3*h - 2*a + 275, -2*h - 4*a + 185 = -3*a. What is the remainder when h is divided by 33?
29
Suppose 0 = -19*v + 955 - 119. Calculate the remainder when v is divided by 25.
19
Let q = 829 + -637. Calculate the remainder when q is divided by 13.
10
Let r = -1006 + 1027. Let q = 175 + -31. Calculate the remainder when q is divided by r.
18
Let r be (0/(-4) - 0) + -3. Let s be (-4)/(4/r) - 2. Calculate the remainder when (2*s)/((-2)/(-12)) is divided by 8.
4
Suppose -144 = -2*q - 12. Let d be (-200)/(-14) - (-3 - (-23)/7). Suppose -2*f = -2*u - 44, -5*u = 11 + d. Calculate the remainder when q is divided by f.
15
Suppose 0 = -67*x + 237 + 232. Suppose 4*l = -5*k + 28, -l = k + 1 - 9. What is the remainder when l is divided by x?
5
Let u(q) = 80*q**2 + 4*q. What is the remainder when u(-1) is divided by 39?
37
Suppose 4*n - 3*z - 24 = 0, 5*z = -5*n + 3*n - 14. Calculate the remainder when 60 is divided by n.
0
Let j(h) = 31*h - 2. Calculate the remainder when j(2) is divided by 25.
10
Suppose 3*s = 4*r + 589, 10*s - 561 = 7*s - 3*r. Calculate the remainder when s is divided by 50.
41
Suppose -1056 = -61*m + 57*m. Suppose -m = 3*d - 9*d. Suppose -63 + 15 = -3*s. What is the remainder when d is divided by s?
12
Let d = 147 + -145. Suppose 0 = 4*z + x - 55, -6*x + x + 28 = z. Calculate the remainder when d/z + (-3186)/(-78) is divided by 15.
11
Suppose -315 = -5*f + 5*x, 0 = -4*f - x + 65 + 172. What is the remainder when f is divided by 4?
0
Let q = 2 - 2. Suppose q = -l + 5*h + 13, 0 = 3*h - 9 + 6. Calculate the remainder when 86 is divided by l.
14
Let p = 236 - 38. What is the remainder when p is divided by 25?
23
Suppose -5*w + 2485 = -2*t, -3*w + 46*t + 1487 = 44*t. What is the remainder when w is divided by 100?
99
Suppose -3*o + 4 = o. Suppose 0*g = -4*g + 44. Let l = g - 8. What is the remainder when l is divided by o?
0
Suppose -34 = -2*n - 0*o - 4*o, o - 33 = -4*n. Let i be (24/(-20))/(1/(-5)). Calculate the remainder when (2/i)/(9/513) is divided by n.
5
Suppose -5*r + 67 = 4*b, -r = -3*r + b + 32. Suppose -30 = -5*x + 5*t, 30 = 4*x + 5*t - 3*t. Calculate the remainder when (5 + 1)*x + 2 is divided by r.
14
Suppose 0 = 25*z - 22*z - 120. Calculate the remainder when 79 is divided by z.
39
Suppose 8 = 2*r, -h - h + 2*r = 10. Calculate the remainder when 8 is divided by 98/35 + h/(-5).
2
Let y(b) = -b**2 - 2*b - 11*b - 10 + 2. Calculate the remainder when 15 is divided by y(-12).
3
Suppose -4*a + 4 = -4. Suppose 86 = -3*n + 2*i, a*n - 4*n = 5*i + 70. Calculate the remainder when 2/(2 + -1) - n is divided by 7.
4
What is the remainder when 863 is divided by ((-846)/(-54) - 6) + 2/(-3)?
8
Suppose 8*o = 6*o + 28. Calculate the remainder when 279 is divided by o.
13
Let g be (-20)/(-16) - (-28)/16. Calculate the 